er when r is divided by b?
7
Suppose 5*y = 4 + 16. Suppose -18 - 30 = -y*s. Suppose -3*l - 5*f = -48, 4*l - 3*l = -5*f + 6. What is the remainder when l is divided by s?
9
Calculate the remainder when 37 is divided by 8/(-6)*-6*1.
5
Let f be (-15)/(-6)*(-12)/(-15). Let l = 1 - f. Let w = l + 6. Calculate the remainder when 17 is divided by w.
2
Suppose 0*a + 9*a - 72 = 0. Calculate the remainder when 38 is divided by a.
6
Suppose -2*j - 93 = -3*j + 3*m, 2*m - 516 = -5*j. Calculate the remainder when j is divided by 21.
18
Let a(q) = -q**3 + 6*q**2 - q - 7. Let f be a(5). Let p = f - 6. Calculate the remainder when p is divided by 3.
1
Suppose -2*g = -4*p + 130, 0 = -5*p - g - 3*g + 169. What is the remainder when p is divided by (-124)/(-7) + 4/14?
15
Suppose 27 = -3*i + 5*h, h = -2*i - 2*i - 13. Let p(j) = -j**3 - 4*j**2 - j + 2. Let r be p(i). Calculate the remainder when 38 is divided by 116/r + 8/12.
18
What is the remainder when 110 is divided by (4/4)/((-2)/(-58))?
23
Let b = 128 - 93. Calculate the remainder when 69 is divided by b.
34
Suppose a - 3 = 1. Let j = 28 - 27. Calculate the remainder when a is divided by j.
0
Let c(l) = l**2 + 2*l - 3. Suppose -a = -u - 55, -3*u = -6*a + a + 285. Calculate the remainder when a is divided by c(4).
18
Suppose 2*x - 16 = 26. What is the remainder when x is divided by 6?
3
Let u be 1 - 2 - 2*1. Let w(v) = v**2 + 14*v - 4. Let z be w(-14). Calculate the remainder when u/((-2)/z + -2) is divided by 1.
0
Let c(p) = p**2 + p + 3. Let j = 39 + -23. What is the remainder when j is divided by c(-3)?
7
Let z = 1 - 1. Suppose z = -4*u + 6*u. Suppose -6*i + 3*i + 21 = u. Calculate the remainder when i is divided by 3.
1
Let o = -11 - -37. Suppose -d + o = -5. What is the remainder when d is divided by 17?
14
Let o = -34 + 52. Let a = o + -4. Let p(y) = 2*y**2 + 9*y + 5. Calculate the remainder when p(-7) is divided by a.
12
Suppose x + 3*x = 52. Suppose -t + 3 = 0, 2*k - 3*t = 2*t + x. Calculate the remainder when k is divided by 5.
4
What is the remainder when 31 is divided by -2 + 12 + 1 + 3/(-1)?
7
Suppose b = -29 + 9. Let a = -2 - b. What is the remainder when 55 is divided by 2 + a + 0 + -1?
17
Suppose -2*o + 2 = 4. What is the remainder when 38 is divided by (o - -3) + -5 + 16?
12
Suppose -j - 142 = -5*s, -s + 6*s - 5*j - 130 = 0. What is the remainder when s is divided by 11?
7
Let s = -31 - -45. Calculate the remainder when 25 is divided by (8/(-4) + 3)*s.
11
Let z = 48 + -28. Suppose -t + 37 = 5*s, -183 = -3*t + 7*s - 4*s. Calculate the remainder when t is divided by z.
17
Let b(t) be the second derivative of -t**4/12 + 11*t**3/6 - 13*t**2/2 - 3*t. What is the remainder when 17 is divided by b(9)?
2
Let o = 0 + 3. Let p(i) = 3*i - o + i**3 - i - 5*i**2 + 10*i**2. What is the remainder when 8 is divided by p(-4)?
3
Let n(s) = -s**2 + 13*s + 4. Let p be n(13). Suppose y - m = p*m + 41, 0 = -5*y - 3*m + 93. What is the remainder when 39 is divided by y?
18
Let x be 2/5 + (-123)/(-5). Let j(k) = 6*k + 1. What is the remainder when (-1)/1*0 + x is divided by j(2)?
12
Suppose -5*x = 3*f + 19, -3*x - x = -f + 5. Calculate the remainder when 38 is divided by (33/(-6) + -1)*x.
12
Let o(j) = -3*j**3 - 2*j**2 - j. Let b be o(-1). Suppose b*h + 3*h = 15. Suppose -21 + 6 = -3*g. What is the remainder when g is divided by h?
2
Let z = 9 - 2. What is the remainder when z is divided by 6?
1
Suppose -2*t - 15 = t, 0 = 4*v + 2*t - 2. Let u be 260/(-39)*(-6)/4. Suppose 5*n - u = 3*n. What is the remainder when n is divided by v?
2
Let z be 10/25 + 36/10. Suppose u - 2*o + 4*o = 8, z*o + 54 = 3*u. Suppose 0 = -m + u + 9. What is the remainder when m is divided by 12?
11
Let o = -20 + 28. Suppose -26 + o = -3*u. Calculate the remainder when 22 is divided by u.
4
Suppose 19 = s - 3*n, -2*s + 34 = -6*n + n. Let o = 8 + -4. What is the remainder when s is divided by o?
3
Let i = -9 + 24. Let u = -3 + 10. Suppose -u*r + 3*r + 32 = 0. What is the remainder when i is divided by r?
7
Let g be (-2 - -3)*(1 - -4). Suppose l = -0*l + g. Let v(b) = 8*b**3 - b**2 + b. What is the remainder when v(1) is divided by l?
3
Suppose 130 = -6*x + 4*x. Let c = x + 91. Calculate the remainder when c is divided by 9.
8
Let g(u) = u + 8. Suppose -4*y = y. Calculate the remainder when g(6) is divided by -1 - (-8 + (y - -2)).
4
Let c be 207/45 + (-2)/(-5). Suppose 0*s = s - 50. Suppose -c*f + s = 4*k, k - 14 = f - 6. Calculate the remainder when k is divided by 6.
4
Suppose -u = -b + 33 + 41, 3*b = 2*u + 217. What is the remainder when b is divided by 18?
15
Suppose 4*w - 18 = -c - 0*c, -3*c + 2*w = 16. Let y = 11 - c. What is the remainder when 49 is divided by y?
10
Let c(p) = 24*p - 3 + 2*p**2 + 1 - 29*p. Let t(v) = -2*v**2 + 4*v + 1. Let x(y) = -4*c(y) - 5*t(y). Calculate the remainder when x(-3) is divided by 11.
10
Let u(z) be the third derivative of -z**4/4 - 2*z**2. Calculate the remainder when 23 is divided by u(-2).
11
Suppose -3*q = 2*r - 7*q - 8, -66 = -4*r - 2*q. Let c = -24 - -51. What is the remainder when c is divided by r?
13
Let u be (-6 - -23)*(5 - 1). Suppose -3*r + u = r. What is the remainder when r is divided by 5?
2
Suppose -4*b + 0*j + 30 = 2*j, -4*j + 20 = 0. Let o = 7 - b. What is the remainder when 17 is divided by 0/(-1) - o*-3?
5
Let p(j) = 59*j**3 - j**2 + 1. Let a(q) = q - 1. Let o be a(0). Let v be 8/16 - o/2. Calculate the remainder when p(v) is divided by 15.
14
Let v = 19 - 10. What is the remainder when 75/9*(-6)/(-2) is divided by v?
7
Let n(t) = t + 5. Let o be n(4). Suppose -3*v = -o + 3. Suppose -32 = -2*r - 4*b, v = -5*r + 2*b + 34. Calculate the remainder when 15 is divided by r.
7
Suppose -35 = -v - 3*l - 3, 2*l + 12 = v. Suppose 5*h = 5 + v. Suppose 4*x + h*p - 128 = 0, 5*p - p = -3*x + 97. What is the remainder when 52 is divided by x?
25
Let s(p) = -p**2 + 8*p - 3. Let a be s(6). Let n(m) = -m**3 + 8*m**2 + 9*m + 7. Let h(x) = -18*x + 1. Calculate the remainder when h(-1) is divided by n(a).
5
Suppose 5*v + 4 - 104 = 0. What is the remainder when v is divided by 11?
9
Let a(x) = -30*x + 2. Calculate the remainder when a(-4) is divided by 31.
29
Suppose a - 3*a = -4. Suppose -a*l + 21 = l. Calculate the remainder when l is divided by 3.
1
Suppose -5*b + 79 = 4. What is the remainder when 54 is divided by b?
9
Suppose 3 = 3*h - 3. Suppose -x + 1 = h*p - 3, 2*p - 4*x + 6 = 0. What is the remainder when p is divided by 1?
0
Let m be (-2)/1 + (6 - 0). Suppose 0 = m*c - 4*s - 54 - 54, 5*s = -4*c + 144. Calculate the remainder when c is divided by (-75)/(-7) - (-2)/7.
9
Suppose 0 = -3*n - 6, -n = z - 6*z - 3. Let a(y) = -y**3 - y**2 + 1. Let p be a(z). Let k = 6 - p. Calculate the remainder when 8 is divided by k.
3
Suppose -16*a = -20*a + 336. Calculate the remainder when a is divided by 17.
16
Suppose -4*r - 3 = -5*m, 0*r - 4*m = r - 15. Suppose 9 = r*t - 33. What is the remainder when 3/(-6) + 83/2 is divided by t?
13
Let t be 2/(-7) - (-32)/14. Suppose -t*f + 6 = -f. What is the remainder when 22 is divided by f?
4
Suppose 4*d = -5*v + 145, 5*d = 10*d + 25. Calculate the remainder when 294 is divided by v.
30
Let d be (-3 - 8/(-3))*-81. What is the remainder when (14/(-3))/((-6)/d) is divided by 11?
10
Suppose -12 = -c + 5*s, -3*c - 2*s + 33 + 88 = 0. Calculate the remainder when c is divided by (1 - 2)/(((-6)/(-26))/(-3)).
11
Let x(v) = -2*v**3 - v**2 - v - 1. Let h = -2 + 6. Let k = -6 + h. What is the remainder when 24 is divided by x(k)?
11
Suppose a + 168 = 5*a. Calculate the remainder when a is divided by 15.
12
Let h(t) = t**2 - 5. Let r be h(3). Suppose -4*z - 167 + 67 = -r*j, -4*j - z + 115 = 0. Suppose 60 = u + 3*u. What is the remainder when j is divided by u?
13
Suppose 18 = 2*u - 5*u. What is the remainder when (u/4)/(15/(-260)) is divided by 9?
8
Suppose -2*m + 5*m + 5*s - 65 = 0, 4*m - 2*s - 52 = 0. What is the remainder when 26 is divided by m?
11
Let q(m) = 5*m + 3. Let c be q(-6). Let t be (-6)/c + 2567/(-9). What is the remainder when ((-2)/(-6))/((-5)/t) is divided by 7?
5
Let q be (-18)/3*1/(-3). Suppose 2*n - 36 = -q*h - 0*h, -2*n = 4. Calculate the remainder when ((-3)/(-2))/((-12)/(-464)) is divided by h.
18
Suppose -103 = -3*v - 7. Suppose -23 = 5*x - 78. Calculate the r